{"id":1085,"date":"2014-02-14T18:45:01","date_gmt":"2014-02-15T00:45:01","guid":{"rendered":"http:\/\/fisica.ugto.mx\/~gfm\/?page_id=1085"},"modified":"2014-05-20T12:46:07","modified_gmt":"2014-05-20T17:46:07","slug":"important-dates","status":"publish","type":"page","link":"http:\/\/fisica.ugto.mx\/~gfm\/internal\/important-dates\/","title":{"rendered":"Important dates"},"content":{"rendered":"<h2>2014<\/h2>\n<p>1-5 Abril. Olimpiada de f\u00edsica para secundaria. 1ra ronda<br \/>\n27-28 Marzo. Reuni\u00f3n DGFM-SMF, Cinvestav DF<br \/>\n24 Mayo al 4 Junio. Olimpiada de f\u00edsica para secundaria. 2nda ronda<br \/>\n26-28 Mayo.<a href=\"http:\/\/fisica.ugto.mx\/~events\/ensenada2014\/\" target=\"_blank\"> Reunion de la Red Promep<\/a>, Ensenada<br \/>\n2-6 Junio. Ex\u00e1menes finales<br \/>\n5-7 Junio. <a href=\"http:\/\/www.apparenthorizon.org\/mexicuerdas2014\/\">Mexicuerdas<\/a>, Colima<br \/>\n9-10 Junio. <a href=\"http:\/\/apparenthorizon.org\/mextrings\/\">Mexstrings<\/a>, Colima<br \/>\n12-19 Junio. Visita de Gianmassimo Tasinato e Ivonne Zavala<br \/>\n22-28 Junio. <a href=\"http:\/\/fisica.ugto.mx\/~events\/ppc14\/\">PPC 2014<\/a> con Texas A&amp;M<br \/>\n1-5 Dic. Escuela de la DGFM, Playa del Carmen<\/p>\n","protected":false},"excerpt":{"rendered":"<p>2014 1-5 Abril. Olimpiada de f\u00edsica para secundaria. 1ra ronda 27-28 Marzo. Reuni\u00f3n DGFM-SMF, Cinvestav DF 24 Mayo al 4 Junio. Olimpiada de f\u00edsica para secundaria. 2nda ronda 26-28 Mayo. Reunion de la Red Promep, Ensenada 2-6 Junio. Ex\u00e1menes finales &hellip; <a href=\"http:\/\/fisica.ugto.mx\/~gfm\/internal\/important-dates\/\">Continue reading <span class=\"meta-nav\">&rarr;<\/span><\/a><\/p>\n","protected":false},"author":1,"featured_media":0,"parent":1086,"menu_order":0,"comment_status":"closed","ping_status":"open","template":"sidebar-page.php","meta":[],"_links":{"self":[{"href":"http:\/\/fisica.ugto.mx\/~gfm\/wp-json\/wp\/v2\/pages\/1085"}],"collection":[{"href":"http:\/\/fisica.ugto.mx\/~gfm\/wp-json\/wp\/v2\/pages"}],"about":[{"href":"http:\/\/fisica.ugto.mx\/~gfm\/wp-json\/wp\/v2\/types\/page"}],"author":[{"embeddable":true,"href":"http:\/\/fisica.ugto.mx\/~gfm\/wp-json\/wp\/v2\/users\/1"}],"replies":[{"embeddable":true,"href":"http:\/\/fisica.ugto.mx\/~gfm\/wp-json\/wp\/v2\/comments?post=1085"}],"version-history":[{"count":9,"href":"http:\/\/fisica.ugto.mx\/~gfm\/wp-json\/wp\/v2\/pages\/1085\/revisions"}],"predecessor-version":[{"id":1091,"href":"http:\/\/fisica.ugto.mx\/~gfm\/wp-json\/wp\/v2\/pages\/1085\/revisions\/1091"}],"up":[{"embeddable":true,"href":"http:\/\/fisica.ugto.mx\/~gfm\/wp-json\/wp\/v2\/pages\/1086"}],"wp:attachment":[{"href":"http:\/\/fisica.ugto.mx\/~gfm\/wp-json\/wp\/v2\/media?parent=1085"}],"curies":[{"name":"wp","href":"https:\/\/api.w.org\/{rel}","templated":true}]}}